{"id":2,"date":"2014-02-25T12:39:24","date_gmt":"2014-02-25T12:39:24","guid":{"rendered":"http:\/\/www.pizzeria-cielo.at\/?page_id=2"},"modified":"2025-04-08T11:10:11","modified_gmt":"2025-04-08T11:10:11","slug":"sample-page","status":"publish","type":"page","link":"https:\/\/www.pizzeria-cielo.at\/?page_id=2","title":{"rendered":"Info"},"content":{"rendered":"<p>Pizzeria Cielo &#8211; der neue Treffpunkt in Gneis. Essen, Trinken und Plaudern bei Freunden!<\/p>\n<div>\n<p id=\"id_530cee0032aff4601694628\">Die Pizzeria Cielo in Gneis bietet Ihnen eine gro\u00dfe Auswahl an Pizzen, Pasta, frischen Salaten und w\u00f6chentlich wechselnden Fleisch- &amp; Fischgerichten nach mediterraner und italienischer Art.<\/p>\n<p>Unsere Sportler verw\u00f6hnen wir mit gesunder und leichter Kost und f\u00fcr<br \/>\nden kleinen Hunger servieren wir Ihnen gerne auch unsere Piccolino Pizza \u2013 lassen Sie sich \u00fcberraschen!<\/p>\n<ul>\n<li><span style=\"color: #0000ff;\"><strong>T\u00e4gliches Mittagsbuffet<\/strong><\/span> mit Suppe und Salat zum Preis von \u20ac 14,90<\/li>\n<li>Jede Speise auch zum Mitnehmen!<\/li>\n<\/ul>\n<\/div>\n","protected":false},"excerpt":{"rendered":"<p>Pizzeria Cielo &#8211; der neue Treffpunkt in Gneis. Essen, Trinken und Plaudern bei Freunden! Die Pizzeria Cielo in Gneis bietet Ihnen eine gro\u00dfe Auswahl an Pizzen, Pasta, frischen Salaten und w\u00f6chentlich wechselnden Fleisch- &amp; Fischgerichten nach mediterraner und italienischer Art. Unsere Sportler verw\u00f6hnen wir mit gesunder und leichter Kost und f\u00fcr den kleinen Hunger servieren [&hellip;]<\/p>\n","protected":false},"author":1,"featured_media":0,"parent":0,"menu_order":0,"comment_status":"open","ping_status":"closed","template":"","meta":{"footnotes":""},"class_list":["post-2","page","type-page","status-publish","czr-hentry"],"_links":{"self":[{"href":"https:\/\/www.pizzeria-cielo.at\/index.php?rest_route=\/wp\/v2\/pages\/2","targetHints":{"allow":["GET"]}}],"collection":[{"href":"https:\/\/www.pizzeria-cielo.at\/index.php?rest_route=\/wp\/v2\/pages"}],"about":[{"href":"https:\/\/www.pizzeria-cielo.at\/index.php?rest_route=\/wp\/v2\/types\/page"}],"author":[{"embeddable":true,"href":"https:\/\/www.pizzeria-cielo.at\/index.php?rest_route=\/wp\/v2\/users\/1"}],"replies":[{"embeddable":true,"href":"https:\/\/www.pizzeria-cielo.at\/index.php?rest_route=%2Fwp%2Fv2%2Fcomments&post=2"}],"version-history":[{"count":6,"href":"https:\/\/www.pizzeria-cielo.at\/index.php?rest_route=\/wp\/v2\/pages\/2\/revisions"}],"predecessor-version":[{"id":1422,"href":"https:\/\/www.pizzeria-cielo.at\/index.php?rest_route=\/wp\/v2\/pages\/2\/revisions\/1422"}],"wp:attachment":[{"href":"https:\/\/www.pizzeria-cielo.at\/index.php?rest_route=%2Fwp%2Fv2%2Fmedia&parent=2"}],"curies":[{"name":"wp","href":"https:\/\/api.w.org\/{rel}","templated":true}]}}